{"id":1067,"date":"2021-08-25T20:20:18","date_gmt":"2021-08-25T23:20:18","guid":{"rendered":"https:\/\/artewen.com.ar\/novedades\/?post_type=product&#038;p=1067"},"modified":"2026-02-05T11:10:15","modified_gmt":"2026-02-05T14:10:15","slug":"el-principito","status":"publish","type":"product","link":"https:\/\/artewen.com.ar\/novedades\/producto\/el-principito\/","title":{"rendered":"El Principito"},"content":{"rendered":"<p>Video tutorial paso a paso para modelar al cl\u00e1sico personaje de \u00abEl Principito\u00bb (Versi\u00f3n de la pel\u00edcula) de 18cm de alto.<br \/>\nLas t\u00e9cnicas inclu\u00eddas en \u00e9ste proyecto son: estudio de proporci\u00f3nes, estructuras, forrado, aplicaci\u00f3n de texturas y detalles de terminaci\u00f3n y muchos tips y secretos!<\/p>\n<p>Duraci\u00f3n del curso completo: 2 horas con 55 minutos en 9 cap\u00edtulos.<\/p>\n","protected":false},"excerpt":{"rendered":"<p>Un cl\u00e1sico con mil versiones! Te invito a realizar la m\u00eda! Super adaptable para otros proyectos!<\/p>\n","protected":false},"featured_media":866,"template":"","meta":{"_bbp_topic_count":0,"_bbp_reply_count":0,"_bbp_total_topic_count":0,"_bbp_total_reply_count":0,"_bbp_voice_count":0,"_bbp_anonymous_reply_count":0,"_bbp_topic_count_hidden":0,"_bbp_reply_count_hidden":0,"_bbp_forum_subforum_count":0,"ngg_post_thumbnail":0,"_joinchat":[]},"product_brand":[],"product_cat":[72],"product_tag":[],"class_list":{"0":"post-1067","1":"product","2":"type-product","3":"status-publish","4":"has-post-thumbnail","6":"product_cat-videoclases-2","8":"first","9":"instock","10":"virtual","11":"sold-individually","12":"purchasable","13":"product-type-course"},"_links":{"self":[{"href":"https:\/\/artewen.com.ar\/novedades\/wp-json\/wp\/v2\/product\/1067","targetHints":{"allow":["GET"]}}],"collection":[{"href":"https:\/\/artewen.com.ar\/novedades\/wp-json\/wp\/v2\/product"}],"about":[{"href":"https:\/\/artewen.com.ar\/novedades\/wp-json\/wp\/v2\/types\/product"}],"wp:featuredmedia":[{"embeddable":true,"href":"https:\/\/artewen.com.ar\/novedades\/wp-json\/wp\/v2\/media\/866"}],"wp:attachment":[{"href":"https:\/\/artewen.com.ar\/novedades\/wp-json\/wp\/v2\/media?parent=1067"}],"wp:term":[{"taxonomy":"product_brand","embeddable":true,"href":"https:\/\/artewen.com.ar\/novedades\/wp-json\/wp\/v2\/product_brand?post=1067"},{"taxonomy":"product_cat","embeddable":true,"href":"https:\/\/artewen.com.ar\/novedades\/wp-json\/wp\/v2\/product_cat?post=1067"},{"taxonomy":"product_tag","embeddable":true,"href":"https:\/\/artewen.com.ar\/novedades\/wp-json\/wp\/v2\/product_tag?post=1067"}],"curies":[{"name":"wp","href":"https:\/\/api.w.org\/{rel}","templated":true}]}}