{"id":1068,"date":"2021-08-28T20:23:35","date_gmt":"2021-08-28T23:23:35","guid":{"rendered":"https:\/\/artewen.com.ar\/novedades\/?post_type=product&#038;p=1068"},"modified":"2026-02-05T11:12:16","modified_gmt":"2026-02-05T14:12:16","slug":"sisu-el-ultimo-dragon","status":"publish","type":"product","link":"https:\/\/artewen.com.ar\/novedades\/producto\/sisu-el-ultimo-dragon\/","title":{"rendered":"Sisu &#8211; El \u00faltimo Drag\u00f3n"},"content":{"rendered":"<p>Sisu mide aproximadamente 30cm sobre una base de fibrof\u00e1cil ovalada de 16cm.<br \/>\nEs un proyecto lleno de t\u00e9cnicas que luego podr\u00e1s aplicarlo en otros trabajos&nbsp; similares\u2026 (ya se te ocurri\u00f3 cuales?? jaja)<br \/>\nSiempre con materiales f\u00e1ciles de conseguir y que seguramente tienes en tu cocina!<\/p>\n","protected":false},"excerpt":{"rendered":"<div class=\"woocommerce-product-details__short-description\">\n<p>Por si no has visto la pel\u00edcula, te la recomiendo!!!<br \/>\nLas aventuras de Raya y Sisu por salvar a su pueblo, nos deja un claro mensaje sobre la uni\u00f3n y la confianza, algo un poco perdido hoy en dia, no?<\/p>\n<p>Y ahora\u2026a lo nuestro! jaja! Modelamos a Sisu???<br \/>\nPara lograrlo, te propongo esta serie de videoclases.<\/p>\n<\/div>\n","protected":false},"featured_media":869,"template":"","meta":{"_bbp_topic_count":0,"_bbp_reply_count":0,"_bbp_total_topic_count":0,"_bbp_total_reply_count":0,"_bbp_voice_count":0,"_bbp_anonymous_reply_count":0,"_bbp_topic_count_hidden":0,"_bbp_reply_count_hidden":0,"_bbp_forum_subforum_count":0,"ngg_post_thumbnail":0,"_joinchat":[]},"product_brand":[],"product_cat":[72],"product_tag":[],"class_list":{"0":"post-1068","1":"product","2":"type-product","3":"status-publish","4":"has-post-thumbnail","6":"product_cat-videoclases-2","8":"first","9":"instock","10":"virtual","11":"sold-individually","12":"purchasable","13":"product-type-course"},"_links":{"self":[{"href":"https:\/\/artewen.com.ar\/novedades\/wp-json\/wp\/v2\/product\/1068","targetHints":{"allow":["GET"]}}],"collection":[{"href":"https:\/\/artewen.com.ar\/novedades\/wp-json\/wp\/v2\/product"}],"about":[{"href":"https:\/\/artewen.com.ar\/novedades\/wp-json\/wp\/v2\/types\/product"}],"wp:featuredmedia":[{"embeddable":true,"href":"https:\/\/artewen.com.ar\/novedades\/wp-json\/wp\/v2\/media\/869"}],"wp:attachment":[{"href":"https:\/\/artewen.com.ar\/novedades\/wp-json\/wp\/v2\/media?parent=1068"}],"wp:term":[{"taxonomy":"product_brand","embeddable":true,"href":"https:\/\/artewen.com.ar\/novedades\/wp-json\/wp\/v2\/product_brand?post=1068"},{"taxonomy":"product_cat","embeddable":true,"href":"https:\/\/artewen.com.ar\/novedades\/wp-json\/wp\/v2\/product_cat?post=1068"},{"taxonomy":"product_tag","embeddable":true,"href":"https:\/\/artewen.com.ar\/novedades\/wp-json\/wp\/v2\/product_tag?post=1068"}],"curies":[{"name":"wp","href":"https:\/\/api.w.org\/{rel}","templated":true}]}}