{"id":2812,"date":"2021-12-01T13:00:52","date_gmt":"2021-12-01T16:00:52","guid":{"rendered":"https:\/\/artewen.com.ar\/novedades\/?post_type=product&#038;p=2812"},"modified":"2026-02-05T11:13:18","modified_gmt":"2026-02-05T14:13:18","slug":"disney-bebes","status":"publish","type":"product","link":"https:\/\/artewen.com.ar\/novedades\/producto\/disney-bebes\/","title":{"rendered":"Disney beb\u00e9s"},"content":{"rendered":"<p>Vengo a compartir contigo Este curso muy especial para m\u00ed, ya que me lleva a mis inicios, cuando realizaba souvenirs y adornos para torta exclusivamente.<br \/>\nSi eres principiante, tendr\u00e1s muchas preguntas como&#8230;<br \/>\n&#8211; Cu\u00e1nto debo cobrar por mis trabajos?<br \/>\n&#8211; C\u00f3mo puedo agilizar mi trabajo para realizar souvenirs?<br \/>\n&#8211; C\u00f3mo puedo sacar molde a mi figura original para luego copiarlos r\u00e1pidamente?<\/p>\n<p>La experiencia en el trabajo seriado me llev\u00f3 a buscar la forma de optimizar el tiempo y lograr replicar piezas en el menor tiempo posible. Si te dedicas a realizar souvenirs, seguro me entiendes cuando hablo de horas de trabajo tratando de cumplir con el pedido para luego sentir que tendr\u00edamos que haber cobrado un poco m\u00e1s! Es asi??<br \/>\nPues en este curso podr\u00e1s responder todas estas preguntas aprendiendo a modelar ESTOS PERSONAJES TAN CL\u00c1SICOS COMO QUERIBLES en tama\u00f1o ideal para souvenirs (8cm) o adornos de torta completo!<\/p>\n<p>Me acompa\u00f1as??<\/p>\n","protected":false},"excerpt":{"rendered":"<p>Disney BB, ESPECIAL SOUVENIRS! Sumate a esta propuesta ideal para principiantes, o para hacer y vender!<br \/>\nAdem\u00e1s de los tips para trabajar en serie, realizaremos un molde de nuestra propia figura para agilizar el trabajo!<br \/>\nAsi que no te pierdas este s\u00faper curso!!<\/p>\n<p>&nbsp;<\/p>\n","protected":false},"featured_media":2808,"template":"","meta":{"_bbp_topic_count":0,"_bbp_reply_count":0,"_bbp_total_topic_count":0,"_bbp_total_reply_count":0,"_bbp_voice_count":0,"_bbp_anonymous_reply_count":0,"_bbp_topic_count_hidden":0,"_bbp_reply_count_hidden":0,"_bbp_forum_subforum_count":0,"ngg_post_thumbnail":0,"_joinchat":[]},"product_brand":[],"product_cat":[72],"product_tag":[],"class_list":{"0":"post-2812","1":"product","2":"type-product","3":"status-publish","4":"has-post-thumbnail","6":"product_cat-videoclases-2","8":"first","9":"instock","10":"virtual","11":"sold-individually","12":"purchasable","13":"product-type-course"},"_links":{"self":[{"href":"https:\/\/artewen.com.ar\/novedades\/wp-json\/wp\/v2\/product\/2812","targetHints":{"allow":["GET"]}}],"collection":[{"href":"https:\/\/artewen.com.ar\/novedades\/wp-json\/wp\/v2\/product"}],"about":[{"href":"https:\/\/artewen.com.ar\/novedades\/wp-json\/wp\/v2\/types\/product"}],"wp:featuredmedia":[{"embeddable":true,"href":"https:\/\/artewen.com.ar\/novedades\/wp-json\/wp\/v2\/media\/2808"}],"wp:attachment":[{"href":"https:\/\/artewen.com.ar\/novedades\/wp-json\/wp\/v2\/media?parent=2812"}],"wp:term":[{"taxonomy":"product_brand","embeddable":true,"href":"https:\/\/artewen.com.ar\/novedades\/wp-json\/wp\/v2\/product_brand?post=2812"},{"taxonomy":"product_cat","embeddable":true,"href":"https:\/\/artewen.com.ar\/novedades\/wp-json\/wp\/v2\/product_cat?post=2812"},{"taxonomy":"product_tag","embeddable":true,"href":"https:\/\/artewen.com.ar\/novedades\/wp-json\/wp\/v2\/product_tag?post=2812"}],"curies":[{"name":"wp","href":"https:\/\/api.w.org\/{rel}","templated":true}]}}